{"id":1408,"date":"2016-01-19T14:03:09","date_gmt":"2016-01-19T14:03:09","guid":{"rendered":"http:\/\/anpsthemes.com\/construction\/?page_id=1408"},"modified":"2021-07-29T11:55:30","modified_gmt":"2021-07-29T10:55:30","slug":"about-us-2","status":"publish","type":"page","link":"https:\/\/www.vdmisolation.be\/index.php\/about-us-2\/","title":{"rendered":"\u00dcber uns"},"content":{"rendered":"<p>[vc_row css=&#8220;.vc_custom_1460122496361{margin-bottom: 30px !important;}&#8220;][vc_column][vc_empty_space height=&#8220;20px&#8220;][vc_column_text]Wir sind ein Unternehmen, das sich spezialisiert hat auf den Vertrieb von Isolationsmaterial aus 2ter Wahl.<\/p>\n<p>Das heisst,aus \u00dcberproduktion, Versicherungssch\u00e4den, Konkursen oder direkt vom Produzenten, mit kleinen optischen Fehlern.<\/p>\n<p>Durch diese langj\u00e4hrige Einkaufspolitik und daraus entstandenen Vertr\u00e4gen mit einigen namhaften Herstellern, k\u00f6nnen wir unseren Kunden(privat oder professionell) st\u00e4ndig <strong>unschlagbare Preise garantieren<\/strong>.[\/vc_column_text][\/vc_column][\/vc_row]<\/p>\n","protected":false},"excerpt":{"rendered":"<p>[vc_row css=&#8220;.vc_custom_1460122496361{margin-bottom: 30px !important;}&#8220;][vc_column][vc_empty_space height=&#8220;20px&#8220;][vc_column_text]Wir sind ein Unternehmen, das sich spezialisiert hat auf den Vertrieb von Isolationsmaterial aus 2ter Wahl. Das heisst,aus \u00dcberproduktion, Versicherungssch\u00e4den, Konkursen oder direkt vom Produzenten, mit kleinen optischen Fehlern. Durch diese langj\u00e4hrige Einkaufspolitik und daraus entstandenen &hellip;<\/p>\n","protected":false},"author":1,"featured_media":0,"parent":0,"menu_order":0,"comment_status":"closed","ping_status":"closed","template":"","meta":{"footnotes":""},"class_list":["post-1408","page","type-page","status-publish","hentry"],"_links":{"self":[{"href":"https:\/\/www.vdmisolation.be\/index.php\/wp-json\/wp\/v2\/pages\/1408","targetHints":{"allow":["GET"]}}],"collection":[{"href":"https:\/\/www.vdmisolation.be\/index.php\/wp-json\/wp\/v2\/pages"}],"about":[{"href":"https:\/\/www.vdmisolation.be\/index.php\/wp-json\/wp\/v2\/types\/page"}],"author":[{"embeddable":true,"href":"https:\/\/www.vdmisolation.be\/index.php\/wp-json\/wp\/v2\/users\/1"}],"replies":[{"embeddable":true,"href":"https:\/\/www.vdmisolation.be\/index.php\/wp-json\/wp\/v2\/comments?post=1408"}],"version-history":[{"count":3,"href":"https:\/\/www.vdmisolation.be\/index.php\/wp-json\/wp\/v2\/pages\/1408\/revisions"}],"predecessor-version":[{"id":2212,"href":"https:\/\/www.vdmisolation.be\/index.php\/wp-json\/wp\/v2\/pages\/1408\/revisions\/2212"}],"wp:attachment":[{"href":"https:\/\/www.vdmisolation.be\/index.php\/wp-json\/wp\/v2\/media?parent=1408"}],"curies":[{"name":"wp","href":"https:\/\/api.w.org\/{rel}","templated":true}]}}